et m(b) = b - 21. What is m(0)?
-21
Let x(j) = j**3 + 10*j**2 + 2*j + 8. What is x(-10)?
-12
Let o(t) = 24*t - 26. Give o(-5).
-146
Let g(l) = -7*l + 132. What is g(16)?
20
Let u(z) = z**2 + 6*z + 8. Calculate u(-4).
0
Let r(a) = a**3 - 7*a**2 - 10*a - 7. Determine r(8).
-23
Let q(n) = n - 16. Give q(5).
-11
Let f(n) = -2*n + 3. Determine f(5).
-7
Let j(k) = k**3 - 13*k**2 + 25*k - 12. What is j(11)?
21
Let h(s) = -s**2 - 8*s - 11. Determine h(-11).
-44
Let l(s) = -5*s**2 + s + 1. Determine l(2).
-17
Let t(o) = -3*o**3 + 9*o**2 - 3*o + 2. Determine t(3).
-7
Let a(l) = -9*l + 230. What is a(26)?
-4
Let f(p) = 6*p - 211. Determine f(32).
-19
Let r(z) = z**2 - z - 9. What is r(7)?
33
Let z(k) = 13*k - 140. Determine z(10).
-10
Let t(d) = 5*d - 12. Give t(3).
3
Let j(h) = 68*h + 254. Give j(-4).
-18
Let p(k) = -6*k - 2. Calculate p(-1).
4
Let k(x) = -9*x - 9. What is k(-2)?
9
Let w(k) = 3*k + 10. Calculate w(-9).
-17
Let u(z) = z**3 - 6*z**2 + 3*z. What is u(5)?
-10
Let h(m) = m**3 - 4*m**2 + 2*m. Determine h(3).
-3
Let o(l) = 15*l + 18. Calculate o(-1).
3
Let t(c) = 2*c**3 - 18*c**2 + c + 15. What is t(9)?
24
Let u(y) = -y**3 - 4*y + 6. What is u(2)?
-10
Let t(w) = -2*w**2 + 8*w - 10. Calculate t(6).
-34
Let x(q) = -8*q**2 + 29*q + 14. Give x(5).
-41
Let f(c) = -c + 1. Determine f(-1).
2
Let l(p) = -p**3 + 8*p**2 - 5*p - 10. Give l(6).
32
Let n(v) = v + 28. Calculate n(-22).
6
Let y(m) = -m**3 - 14*m**2 - 40*m - 12. Calculate y(-10).
-12
Let d(q) = -q**2 + 19*q - 14. Give d(20).
-34
Let z(l) = -8*l + 10. Give z(4).
-22
Let l(u) = 5*u - 4. Determine l(-6).
-34
Let d(v) = -2*v**3 + 23*v**2 + 12*v + 17. Determine d(12).
17
Let b(c) = -c**3 + 3*c**2 - 4*c + 4. Give b(4).
-28
Let k(g) = -g**3 + 11*g**2 - 15*g - 1. What is k(2)?
5
Let t(q) = -3*q + 47. Determine t(25).
-28
Let m(j) = -64*j - 213. What is m(-3)?
-21
Let i(l) = -l**3 + 8*l**2 - 8*l + 5. Calculate i(5).
40
Let l(d) = -d**3 + 14*d**2 + 15*d - 14. Give l(15).
-14
Let a(j) = -j**3 + 4*j**2 + 4*j + 2. What is a(5)?
-3
Let x(n) = -57*n - 1315. Determine x(-23).
-4
Let u(t) = -18*t**2 + 129*t - 31. Determine u(7).
-10
Let u(y) = -y**3 - 6*y**2 + 15*y + 4. What is u(-8)?
12
Let v(p) = -33*p - 1. Give v(-1).
32
Let i(j) = -8*j + 68. Give i(8).
4
Let n(m) = -5*m**3 + 11*m**2 - 7*m + 8. What is n(2)?
-2
Let m(h) = 2*h**2 + h + 3. Calculate m(4).
39
Let b(w) = 2*w**2 - 2*w - 3. What is b(3)?
9
Let d(y) = -y**2 + 18*y + 42. Give d(18).
42
Let i(h) = -2*h**2 - 19*h + 20. Give i(-10).
10
Let a(r) = 2*r**2 - 10*r - 6. What is a(5)?
-6
Let t(w) = 32*w - 1. Give t(1).
31
Let y(x) = -x**2 + 15*x + 30. Determine y(16).
14
Let u(n) = -n**3 + 10*n**2 - n + 6. Give u(10).
-4
Let j(b) = -b**2 + 8*b - 9. Give j(4).
7
Let i(t) = t**2 + 6*t + 4. Determine i(-5).
-1
Let u(k) = -k**3 + 33*k**2 + 106*k + 76. What is u(36)?
4
Let l(s) = -4*s - 15. Calculate l(-8).
17
Let g(f) = 3*f + 47. Calculate g(18).
101
Let y(d) = -d. Calculate y(-18).
18
Let n(d) = d**2 + 7*d. Calculate n(-7).
0
Let q(i) = 3*i + 101. What is q(-6)?
83
Let y(m) = 3*m + 4. Give y(2).
10
Let t(s) = 17*s**2 - s - 1. Give t(-1).
17
Let s(n) = -n**2 + 8*n + 12. Determine s(11).
-21
Let r(u) = -4*u + 8. Calculate r(7).
-20
Let k(u) = u**3 - 10*u**2 + 10*u - 3. What is k(8)?
-51
Let o(k) = k - 13. Give o(7).
-6
Let n(l) = -l**3 + 3*l**2 + 12*l - 38. What is n(4)?
-6
Let n(a) = 4*a - 19. What is n(3)?
-7
Let w(z) = z**3 + 17*z**2 + 10*z - 70. Determine w(-16).
26
Let s(h) = 2*h**3 + h**2 - 8*h - 9. Determine s(-2).
-5
Let c(n) = -n**2 - 39*n + 87. Give c(2).
5
Let u(k) = 4*k - 16. What is u(13)?
36
Let h(k) = 5*k**2 - 36*k - 17. Calculate h(7).
-24
Let k(y) = -21*y + 13. Determine k(0).
13
Let o(f) = -6*f + 37. What is o(6)?
1
Let t(n) = -3*n + 27. Give t(-2).
33
Let a(o) = 2*o**2 - 56*o + 40. Calculate a(29).
98
Let a(l) = l + 11. What is a(-9)?
2
Let b(z) = -z**3 - 7*z**2 - 11*z - 3. What is b(-5)?
2
Let y(d) = 4*d**3 + 3*d**2 - 2*d + 1. Calculate y(2).
41
Let m(k) = -k**2 - 10*k + 18. What is m(-11)?
7
Let g(x) = x**2 - 3*x - 4. Calculate g(-1).
0
Let z(t) = t - 5. Give z(6).
1
Let m(r) = -r**2 - 12*r + 18. Give m(-14).
-10
Let w(j) = -j**2 - 20*j - 63. Calculate w(-16).
1
Let q(o) = -2*o**3 + 56*o**2 + 2*o - 19. Give q(28).
37
Let s(c) = -c**2 + 9*c - 1. Calculate s(7).
13
Let p(k) = -k**3 - 20*k**2 + 25*k + 23. Give p(-21).
-61
Let p(t) = t**3 + 7*t**2 + 11*t + 19. Calculate p(-6).
-11
Let q(h) = h**3 - 5*h**2 - 6*h + 35. What is q(6)?
35
Let q(s) = s**3 - 5*s + 3. Give q(-2).
5
Let w(d) = 2*d - 131. Give w(11).
-109
Let y(v) = 7*v - 13. What is y(4)?
15
Let y(o) = 2*o**3 + 41*o**2 + 19*o + 11. What is y(-20)?
31
Let a(d) = 3*d + 14. Give a(-7).
-7
Let g(d) = -d**2 + d + 2. Give g(3).
-4
Let u(l) = l**3 - 44*l**2 - 44*l - 50. Calculate u(45).
-5
Let q(l) = -l**3 + 6*l**2 - l + 2. Calculate q(6).
-4
Let w(a) = -16*a**3 - 2*a + 1. Calculate w(1).
-17
Let s(u) = 4*u + 26. Determine s(-7).
-2
Let y(w) = -3*w**2 + 14*w - 37. Determine y(5).
-42
Let y(j) = -j**3 + 41*j**2 - 41*j - 6. What is y(40)?
-46
Let q(a) = -a**2 - 10*a + 11. Give q(-10).
11
Let s(m) = m**3 - 5*m**2 + 5*m + 6. Determine s(4).
10
Let d(t) = -t**2 - 13*t - 43. Give d(-6).
-1
Let k(v) = 3*v + 2. What is k(-3)?
-7
Let b(l) = 11*l**3 + 2*l + 1. Determine b(-1).
-12
Let c(y) = y**2 - 15*y + 61. Give c(10).
11
Let b(l) = l**3 + 12*l**2 + l - 4. What is b(-12)?
-16
Let n(v) = -3*v**2 - 79*v + 66. Determine n(-27).
12
Let l(g) = 5*g**2 + 3*g - 1. Determine l(2).
25
Let s(c) = 3*c + 12. Give s(-11).
-21
Let i(k) = -15*k + 1. What is i(4)?
-59
Let d(z) = -2*z - 12. What is d(-11)?
10
Let w(z) = z**2 - 16*z - 6. What is w(16)?
-6
Let q(n) = 39*n + 26. Give q(-2).
-52
Let k(c) = c**3 - 8*c**2 - 2*c + 13. Calculate k(8).
-3
Let g(j) = -3*j**3 - 3*j**2 + 2*j + 15. What is g(2)?
-17
Let u(m) = m**2 + m - 8. Give u(0).
-8
Let x(u) = -3*u**2 + 31*u - 43. Determine x(8).
13
Let x(w) = 7*w + 164. Give x(-22).
10
Let t(a) = 2*a**2 + 3*a + 4. Give t(3).
31
Let v(o) = -o**3 - 2*o**2 - 2*o - 54. What is v(0)?
-54
Let t(k) = k - 23. Calculate t(25).
2
Let q(u) = -u**3 + 9*u**2 - 2*u + 4. What is q(8)?
52
Let b(d) = -d + 10. Calculate b(8).
2
Let j(y) = 55*y - 333. What is j(6)?
-3
Let c(y) = 6*y - 4. Calculate c(-3).
-22
Let f(n) = -3*n**2 - 7*n + 29. Calculate f(3).
-19
Let z(g) = 2*g**3 + 11*g**2 + 18*g + 2. What is z(-2)?
-6
Let h(p) = p**2 - 22*p + 19. Give h(21).
-2
Let q(a) = a**3 + 10*a**2 - 13*a - 16. What is q(-11)?
6
Let a(i) = 4*i**2 + 28*i - 11. Determine a(-8).
21
Let o(v) = v**3 + 8*v**2 + 8*v + 13. Give o(-7).
6
Let y(m) = m + 42. Determine y(8).
50
Let n(x) = -x**3 - 23*x**2 - 26*x - 27. What is n(-22)?
61
Let v(h) = -2*h**2 - 5*h - 1. What is v(-2)?
1
Let l(n) = -7*n + 90. What is l(13)?
-1
Let f(h) = -h**2 - 11*h + 8. Give f(-12).
-4
Let t(p) = -5*p**2 + 10*p - 16. Determine t(3).
-31
Let p(m) = -2*m**3 + 29*m**2 + 127*m - 24. Calculate p(18).
-6
Let g(v) = -40*v + 245. Determine g(6).
5
Let w(g) = 6*g**2 - 5*g - 9. Determine w(-2).
25
Let b(r) = r**2 + 35*r + 234. Give b(-9).
0
Let l(o) = -19*o + 1. Calculate l(2).
-37
Let d(c) = -c - 2. Give d(-9).
7
Let h(g) = -31*g + 1. Calculate h(-1).
32
Let h(u) = -u**2 - 8*u + 28. What is h(3)?
-5
Let y(j) = 2*j**3 - j**2 + 66. What is y(0)?
66
Let t(z) = -24*z - 1. Give t(-1).
23
Let l(m) = -m**3 - 4*m**2 + 26*m + 91. Calculate l(-5).
-14
Let s(f) = -f**3 + 8*f**2 + 15*f - 8. What is s(7)?
146
Let o(x) = x**2 - 19*x + 36. Calculate o(17).
2
Let c(p) = -27*p - 349. Calculate c(-13).
2
Let l(w) = w**3 + 15*w**2 - 17*w - 23. What is l(-16)?
-7
Let r(x) = 4*x + 1. Give r(-9).
-35
Let o(i) = 2*i**2 + 9*i - 41. Give o(-7).
-6
Let z(g) = 12*g + 9. What is z(0)?
9
Let p(c) = -c**3 - c**2 - 3*c. Calculate p(-3).
27
Let w(y) = -y**3 - 12*y**2 + 14*y + 24. What is w(-13)?
11
Let v(c) = -c**3 + 21*c**2 - 24*c - 40. Give v(20).
-120
Let t(a) = -2*a**2 + 8*a - 2. Calculate t(7).
-44
Let c(n) = -n + 14. Determine c(17).
-3
Let w(q) = 9*q - 163. What is w(20)?
17
Let c(p) = -p**3 + 2*p**2 + 9*p + 12. Calculate c(5).
-18
Let z(f) = 2*f**3 - 8*f**2 + 4*f - 14. Calculate z(4).
2
Let f(y) = -y**2 - 25*y - 90. What is f(-20)?
10
Let g(o) = o**2 - 11*o + 37. Calculate g(6).
7
Let k(b) = -b**2 - 2*b + 2. Calculate k(-5).
-13
Let y(v) = -13*v + 21. Calculate y(4).
-